ors of 39573846?
2, 3, 13, 19, 23, 43
List the prime factors of 2156835701.
89, 107, 226487
List the prime factors of 4077492291.
3, 97, 349, 1487
List the prime factors of 94692648.
2, 3, 3945527
List the prime factors of 66968903.
131, 511213
List the prime factors of 4758366.
2, 3, 61, 13001
List the prime factors of 660416118.
2, 3, 110069353
What are the prime factors of 254308453?
7, 29, 1252751
List the prime factors of 105863636.
2, 31, 853739
What are the prime factors of 99028331?
277, 357503
What are the prime factors of 4335636117?
3, 28753, 50263
List the prime factors of 658654162.
2, 329327081
What are the prime factors of 344275949?
67, 83, 61909
What are the prime factors of 1129672894?
2, 7, 103, 783407
List the prime factors of 200059226.
2, 29, 3449297
What are the prime factors of 5211530248?
2, 651441281
What are the prime factors of 687261105?
3, 5, 409, 461
List the prime factors of 1158282677.
41, 1489, 18973
List the prime factors of 1032535365.
3, 5, 523, 131617
List the prime factors of 155664072.
2, 3, 761, 947
List the prime factors of 36403865.
5, 2357, 3089
List the prime factors of 231348341.
7, 29, 421, 2707
List the prime factors of 64182495.
3, 5, 13, 47, 149
What are the prime factors of 32640761?
1867, 17483
List the prime factors of 1831760626.
2, 19, 139, 346793
List the prime factors of 37858035.
3, 5, 2523869
What are the prime factors of 346293398?
2, 11, 15740609
List the prime factors of 295556906.
2, 101, 1463153
List the prime factors of 1817004042.
2, 3, 7, 149, 32261
List the prime factors of 7531275023.
73, 103168151
What are the prime factors of 534109856?
2, 7, 2384419
What are the prime factors of 138652459?
11, 17, 741457
What are the prime factors of 630663678?
2, 3, 11678957
What are the prime factors of 83825177?
83825177
What are the prime factors of 201291624?
2, 3, 19, 269, 547
What are the prime factors of 1251590927?
181, 457, 15131
List the prime factors of 265598436.
2, 3, 22133203
What are the prime factors of 119680223?
13, 43, 383
List the prime factors of 620213196.
2, 3, 51684433
What are the prime factors of 53065619?
17, 311, 10037
What are the prime factors of 415209889?
101, 4110989
List the prime factors of 2335555471.
2335555471
What are the prime factors of 88972171?
88972171
What are the prime factors of 87039498?
2, 3, 7, 13, 23, 29, 239
List the prime factors of 112043447.
17, 41, 160751
List the prime factors of 3651103110.
2, 3, 5, 5653, 21529
List the prime factors of 2110719172.
2, 127, 4154959
What are the prime factors of 2204120786?
2, 7, 157437199
List the prime factors of 26022036.
2, 3, 17, 199, 641
List the prime factors of 1828193502.
2, 3, 23, 13247779
What are the prime factors of 570583584?
2, 3, 29, 53, 1289
What are the prime factors of 54685779?
3, 18228593
What are the prime factors of 57228863?
57228863
List the prime factors of 62660147.
11, 17, 335081
What are the prime factors of 152560097?
29, 5260693
List the prime factors of 1549167042.
2, 3, 41, 157, 40111
What are the prime factors of 282162597?
3, 19, 23, 137, 1571
List the prime factors of 24042108.
2, 3, 2003509
What are the prime factors of 46073333?
149, 373, 829
List the prime factors of 802105572.
2, 3, 47, 30259
List the prime factors of 3347404925.
5, 4513, 29669
List the prime factors of 1354661653.
31, 59, 593, 1249
What are the prime factors of 232027899?
3, 77342633
What are the prime factors of 113966692?
2, 7, 269, 15131
What are the prime factors of 328305906?
2, 3, 113, 173, 311
What are the prime factors of 86675669?
86675669
What are the prime factors of 179664397?
11, 16333127
What are the prime factors of 215674532?
2, 181, 297893
List the prime factors of 312894686.
2, 13, 401, 30011
List the prime factors of 602107337.
13, 46315949
List the prime factors of 33384834.
2, 3, 7, 264959
List the prime factors of 7017184095.
3, 5, 17, 3023, 9103
What are the prime factors of 4081255?
5, 816251
What are the prime factors of 831836239?
13, 23, 2782061
List the prime factors of 37053016.
2, 7, 11, 13, 661
What are the prime factors of 213683265?
3, 5, 397, 443
List the prime factors of 878526186.
2, 3, 146421031
List the prime factors of 11124390.
2, 3, 5, 370813
What are the prime factors of 2969854072?
2, 283, 1311773
List the prime factors of 9375831.
3, 115751
What are the prime factors of 768962159?
7, 47, 2337271
List the prime factors of 158602915.
5, 59, 537637
List the prime factors of 3721081.
7, 13, 103, 397
What are the prime factors of 299325601?
19, 89, 177011
What are the prime factors of 130387408?
2, 37, 257, 857
List the prime factors of 1694091.
3, 7, 80671
List the prime factors of 83376208.
2, 53, 98321
List the prime factors of 18773909.
7, 11, 61, 571
What are the prime factors of 311927304?
2, 3, 13, 173, 5779
What are the prime factors of 64114411?
64114411
What are the prime factors of 9126175?
5, 19, 19213
List the prime factors of 3342759515.
5, 668551903
What are the prime factors of 787265622?
2, 3, 11, 13, 269, 379
What are the prime factors of 283224657?
3, 1063, 88813
What are the prime factors of 671516?
2, 167879
List the prime factors of 162022462.
2, 7, 19, 609107
List the prime factors of 113259662.
2, 317, 178643
What are the prime factors of 245282776?
2, 30660347
What are the prime factors of 2908824411?
3, 969608137
List the prime factors of 2111347452.
2, 3, 281, 293, 2137
List the prime factors of 574402555.
5, 157, 199, 3677
List the prime factors of 49565297.
149, 151, 2203
What are the prime factors of 7393554175?
5, 7, 1453, 29077
What are the prime factors of 219716947?
157, 1399471
What are the prime factors of 96493831?
7, 313, 44041
List the prime factors of 124265274.
2, 3, 7, 17, 23, 47
What are the prime factors of 56649692?
2, 11, 239, 5387
What are the prime factors of 76046112?
2, 3, 71, 3719
What are the prime factors of 7791433379?
19, 23, 17829367
List the prime factors of 743210032.
2, 191, 243197
List the prime factors of 3682745038.
2, 7, 269, 2851
List the prime factors of 2838677262.
2, 3, 473112877
List the prime factors of 101324464.
2, 2269, 2791
List the prime factors of 37047532.
2, 307, 30169
List the prime factors of 72852482.
2, 37, 193, 5101
List the prime factors of 3247885169.
107, 199, 152533
What are the prime factors of 2083365082?
2, 139, 7494119
List the prime factors of 36916802.
2, 13, 1419877
List the prime factors of 60535575.
3, 5, 89, 3023
What are the prime factors of 66752873?
11, 6068443
What are the prime factors of 189989747?
189989747
What are the prime factors of 2372146999?
2372146999
List the prime factors of 140063444.
2, 35015861
List the prime factors of 2188736954.
2, 73, 14991349
List the prime factors of 313266233.
7, 23, 47, 41399
List the prime factors of 889750030.
2, 5, 13, 6844231
What are the prime factors of 2698345?
5, 13, 41513
List the prime factors of 3991358284.
2, 461, 2164511
What are the prime factors of 15252474?
2, 3, 73, 97, 359
List the prime factors of 137991427.
7, 509, 38729
List the prime factors of 431890269.
3, 41, 53, 97, 683
What are the prime factors of 2471725036?
2, 11, 56175569
What are the prime factors of 188530220?
2, 5, 31, 304081
What are the prime factors of 886936154?
2, 13, 47, 725807
What are the prime factors of 3825416129?
19, 29, 6942679
List the prime factors of 1473923199.
3, 7, 101, 694919
List the prime factors of 2949926143.
1223, 2412041
What are the prime factors of 5914953755?
5, 37, 61, 227, 2309
List the prime factors of 196142529.
3, 11, 19, 83, 3769
What are the prime factors of 3636660290?
2, 5, 59, 1783, 3457
List the prime factors of 209423012.
2, 5623, 9311
List the prime factors of 576866797.
13, 17, 200789
List the prime factors of 190621305.
3, 5, 7, 605147
List the prime factors of 24282398.
2, 7, 97, 17881
List the prime factors of 1158200054.
2, 11, 113, 173, 2693
What are the prime factors of 401294433?
3, 173, 773207
List the prime factors of 5678600762.
2, 2839300381
List the prime factors of 4154026445.
5, 37, 22454197
List the prime factors of 105719219.
105719219
What are the prime factors of 368490769?
19, 31, 625621
What are the prime factors of 1083009758?
2, 37, 223, 65629
List the prime factor